{"id":8124,"date":"2025-01-22T20:26:44","date_gmt":"2025-01-22T20:26:44","guid":{"rendered":"https:\/\/borntoliveinthefrenchriviera.fr\/?page_id=8124"},"modified":"2025-03-18T09:53:41","modified_gmt":"2025-03-18T09:53:41","slug":"choisir-mon-notaire","status":"publish","type":"page","link":"https:\/\/agencecleprivee.com\/?page_id=8124","title":{"rendered":"Choisir mon Notaire"},"content":{"rendered":"\t\t<div data-elementor-type=\"wp-page\" data-elementor-id=\"8124\" class=\"elementor elementor-8124\" data-elementor-post-type=\"page\">\n\t\t\t\t<div class=\"elementor-element elementor-element-1ba01eaf e-grid e-con-boxed e-con e-parent\" data-id=\"1ba01eaf\" data-element_type=\"container\" data-e-type=\"container\">\n\t\t\t\t\t<div class=\"e-con-inner\">\n\t\t\t\t<div class=\"elementor-element elementor-element-37864930 elementor-widget elementor-widget-page-title\" data-id=\"37864930\" data-element_type=\"widget\" data-e-type=\"widget\" data-settings=\"{&quot;align&quot;:&quot;center&quot;}\" data-widget_type=\"page-title.default\">\n\t\t\t\t<div class=\"elementor-widget-container\">\n\t\t\t\t\t\t\t\n\t\t<div class=\"hfe-page-title hfe-page-title-wrapper elementor-widget-heading\">\n\n\t\t\t\t\t\t\t\t\t\t\t<a href=\"https:\/\/agencecleprivee.com\">\n\t\t\t\t\t\t<h1 class=\"elementor-heading-title elementor-size-default\">\n\t\t\t\t\t\t\t\t\n\t\t\t\tChoisir mon Notaire  \n\t\t\t<\/h1 > \n\t\t\t\t\t\t\t\t\t<\/a>\n\t\t\t\t\t<\/div>\n\t\t\t\t\t\t<\/div>\n\t\t\t\t<\/div>\n\t\t\t\t\t<\/div>\n\t\t\t\t<\/div>\n\t\t<div class=\"elementor-element elementor-element-4aa4160 e-flex e-con-boxed e-con e-parent\" data-id=\"4aa4160\" data-element_type=\"container\" data-e-type=\"container\">\n\t\t\t\t\t<div class=\"e-con-inner\">\n\t\t\t\t<div class=\"elementor-element elementor-element-58a80ea elementor-widget elementor-widget-text-editor\" data-id=\"58a80ea\" data-element_type=\"widget\" data-e-type=\"widget\" data-widget_type=\"text-editor.default\">\n\t\t\t\t<div class=\"elementor-widget-container\">\n\t\t\t\t\t\t\t\t\t<p><strong>Choisir mon Notaire<\/strong><\/p><p>Le choix d\u2019un notaire est une \u00e9tape cl\u00e9 pour s\u00e9curiser juridiquement vos transactions et garantir vos int\u00e9r\u00eats. Que ce soit pour un achat immobilier, une succession ou la cr\u00e9ation d\u2019un contrat, ce professionnel du droit joue un r\u00f4le essentiel. Voici un guide pour vous aider \u00e0 s\u00e9lectionner le notaire qui correspond \u00e0 vos besoins, avec les pourcentages des frais notari\u00e9s d\u00e9taill\u00e9s.<\/p><p>\u00a0<\/p><ol><li><strong><u> Comprendre le r\u00f4le du notaire<\/u><\/strong><\/li><\/ol><p>Un notaire est un officier public et minist\u00e9riel, charg\u00e9 d\u2019authentifier des actes et de leur conf\u00e9rer une valeur juridique incontestable. Il intervient dans de nombreux domaines :<\/p><ul><li><strong>Immobilier :<\/strong>Achat, vente, donation, hypoth\u00e8que.<\/li><li><strong>Famille :<\/strong>Contrat de mariage, succession, adoption.<\/li><li><strong>Entreprise :<\/strong>Cr\u00e9ation, cession de parts sociales, baux commerciaux.<\/li><li><strong>Fiscalit\u00e9 :<\/strong>Optimisation fiscale, transmission de patrimoine.<\/li><\/ul><p>\u00a0<\/p><ol start=\"2\"><li><strong><u> Crit\u00e8res pour choisir son notaire<\/u><\/strong><\/li><li><strong><u> Proximit\u00e9 g\u00e9ographique<\/u><\/strong><\/li><\/ol><ul><li>Privil\u00e9giez un notaire situ\u00e9 pr\u00e8s de votre lieu de r\u00e9sidence ou proche de l\u2019emplacement de votre projet (par exemple, pour un achat immobilier).<\/li><li>Une proximit\u00e9 facilite les rendez-vous et les \u00e9changes, r\u00e9duisant ainsi les d\u00e9lais.<\/li><\/ul><ol><li><strong><u> Expertise et sp\u00e9cialisation<\/u><\/strong><\/li><\/ol><ul><li>Les notaires peuvent se sp\u00e9cialiser dans certains domaines, comme l\u2019immobilier, les entreprises ou le droit de la famille.<\/li><li>Si votre dossier est complexe (par exemple, une succession internationale ou une donation complexe), recherchez un notaire ayant une expertise sp\u00e9cifique.<\/li><\/ul><ol><li><strong><u> R\u00e9putation et recommandations<\/u><\/strong><\/li><\/ol><ul><li>Consultez les avis en ligne sur des plateformes sp\u00e9cialis\u00e9es ou demandez des recommandations \u00e0 votre entourage.<\/li><li>Un notaire r\u00e9put\u00e9 pour sa rigueur, sa disponibilit\u00e9 et son accompagnement est un gage de qualit\u00e9.<\/li><\/ul><p>\u00a0<\/p><ol><li><strong><u> Disponibilit\u00e9 et relation de confiance<\/u><\/strong><\/li><\/ol><ul><li>Optez pour un notaire qui soit r\u00e9actif et disponible pour r\u00e9pondre \u00e0 vos questions.<\/li><li>Une bonne relation de confiance est essentielle : vous devez vous sentir \u00e0 l\u2019aise pour partager vos besoins et pr\u00e9occupations.<\/li><\/ul><ol><li><strong><u> Tarification<\/u><\/strong><\/li><\/ol><p>Le montant total des frais notari\u00e9s est g\u00e9n\u00e9ralement compris entre\u00a0<strong>7% et 8%<\/strong>\u00a0du prix d\u2019un bien immobilier ancien et environ\u00a0<strong>2% \u00e0 3%<\/strong>\u00a0pour un bien neuf.<\/p><p>Les frais notari\u00e9s sont r\u00e9glement\u00e9s et comprennent plusieurs composantes :<\/p><ol><li><strong>Taxes et droits de mutation :<\/strong>Environ\u00a0<strong>80% des frais<\/strong>\u00a0vont \u00e0 l\u2019\u00c9tat (par exemple, 5,8% du prix pour un bien immobilier ancien).<\/li><li><strong>\u00c9moluments du notaire :<\/strong>Ces honoraires, fix\u00e9s par d\u00e9cret, repr\u00e9sentent environ\u00a0<strong>10% \u00e0 15% des frais<\/strong>.<\/li><li><strong>D\u00e9bours :<\/strong>Ces frais couvrent les d\u00e9penses engag\u00e9es par le notaire (extraits cadastraux, frais d\u2019enregistrement, etc.), soit environ\u00a0<strong>5% \u00e0 10% des frais<\/strong>.<\/li><\/ol><p>\u00a0<\/p><ol start=\"3\"><li><strong> O\u00f9 trouver un notaire ?<\/strong><\/li><li><strong><u> Annuaire officiel des notaires<\/u><\/strong><\/li><\/ol><ul><li>Consultez l\u2019annuaire des notaires de France disponible sur le site officiel\u00a0<a href=\"https:\/\/www.notaires.fr\/\">notaires.fr<\/a>. Vous y trouverez une liste exhaustive par r\u00e9gion et par domaine de comp\u00e9tence.<\/li><\/ul><ol><li><u>B<strong>. Recommandations personnelles<\/strong><\/u><\/li><\/ol><ul><li>Demandez \u00e0 vos proches, coll\u00e8gues ou professionnels de confiance (banquiers, agents immobiliers) de vous recommander un notaire.<\/li><\/ul><ol><li><strong><u> Recherche en ligne<\/u><\/strong><\/li><\/ol><ul><li>De nombreux sites permettent de trouver un notaire en fonction de votre localisation et de vos besoins.<\/li><\/ul><p>\u00a0<\/p><ol start=\"4\"><li><strong> Questions \u00e0 poser avant de choisir<\/strong><\/li><\/ol><p>Lorsque vous contactez un notaire pour la premi\u00e8re fois, posez-lui les questions suivantes :<\/p><ul><li><strong>Quelle est votre exp\u00e9rience dans ce domaine ?<\/strong><\/li><li><strong>Quels sont les d\u00e9lais pour traiter mon dossier ?<\/strong><\/li><li><strong>Quels documents dois-je fournir pour commencer ?<\/strong><\/li><li><strong>Pouvez-vous me fournir un devis d\u00e9taill\u00e9 des frais notari\u00e9s ?<\/strong><\/li><li><strong>Quels seront les frais annexes (comme les d\u00e9bours) ?<\/strong><\/li><\/ul><p>\u00a0<\/p><ol start=\"5\"><li><strong><u> \u00c9tapes apr\u00e8s avoir choisi un notaire<\/u><\/strong><\/li><\/ol><ul><li><strong>Prise de contact :<\/strong>Fixez un rendez-vous pour pr\u00e9senter votre projet.<\/li><li><strong>Transmission des documents :<\/strong>Fournissez tous les documents demand\u00e9s pour l\u2019\u00e9tude de votre dossier.<\/li><li><strong>Suivi :<\/strong>Restez en contact pour suivre l\u2019\u00e9volution du dossier et valider chaque \u00e9tape.<\/li><\/ul><p>\u00a0<\/p><ol start=\"6\"><li><strong><u> Conseils pratiques<\/u><\/strong><\/li><\/ol><ul><li><strong>Anticipez :<\/strong>Contactez un notaire d\u00e8s que vous envisagez une transaction ou une d\u00e9marche n\u00e9cessitant son intervention.<\/li><li><strong>Comparez :<\/strong>N\u2019h\u00e9sitez pas \u00e0 consulter plusieurs notaires avant de faire votre choix.<\/li><li><strong>Restez inform\u00e9 :<\/strong>Le site officiel des notaires de France regorge d\u2019informations utiles pour comprendre leurs missions et vos droits.<\/li><\/ul><p>\u00a0<\/p><p>Un bon notaire est un v\u00e9ritable alli\u00e9 pour prot\u00e9ger vos int\u00e9r\u00eats et garantir la s\u00e9curit\u00e9 juridique de vos projets. Prenez le temps de choisir celui qui vous accompagnera avec s\u00e9rieux et expertise, tout en ma\u00eetrisant les frais qui s\u2019appliquent \u00e0 votre situation.<\/p><p>\u00a0<\/p><p>\u00a0<\/p>\t\t\t\t\t\t\t\t<\/div>\n\t\t\t\t<\/div>\n\t\t\t\t\t<\/div>\n\t\t\t\t<\/div>\n\t\t\t\t<\/div>\n\t\t","protected":false},"excerpt":{"rendered":"<p>Choisir mon Notaire Choisir mon Notaire Le choix d\u2019un notaire est une \u00e9tape cl\u00e9 pour s\u00e9curiser juridiquement vos transactions et garantir vos int\u00e9r\u00eats. Que ce soit pour un achat immobilier, une succession ou la cr\u00e9ation d\u2019un contrat, ce professionnel du droit joue un r\u00f4le essentiel. Voici un guide pour vous aider \u00e0 s\u00e9lectionner le notaire qui correspond \u00e0 vos besoins, avec les pourcentages des &#8230;<\/p>\n","protected":false},"author":1,"featured_media":0,"parent":0,"menu_order":0,"comment_status":"closed","ping_status":"closed","template":"","meta":{"inline_featured_image":false,"footnotes":""},"class_list":["post-8124","page","type-page","status-publish","hentry"],"_links":{"self":[{"href":"https:\/\/agencecleprivee.com\/index.php?rest_route=\/wp\/v2\/pages\/8124","targetHints":{"allow":["GET"]}}],"collection":[{"href":"https:\/\/agencecleprivee.com\/index.php?rest_route=\/wp\/v2\/pages"}],"about":[{"href":"https:\/\/agencecleprivee.com\/index.php?rest_route=\/wp\/v2\/types\/page"}],"author":[{"embeddable":true,"href":"https:\/\/agencecleprivee.com\/index.php?rest_route=\/wp\/v2\/users\/1"}],"replies":[{"embeddable":true,"href":"https:\/\/agencecleprivee.com\/index.php?rest_route=%2Fwp%2Fv2%2Fcomments&post=8124"}],"version-history":[{"count":4,"href":"https:\/\/agencecleprivee.com\/index.php?rest_route=\/wp\/v2\/pages\/8124\/revisions"}],"predecessor-version":[{"id":28665,"href":"https:\/\/agencecleprivee.com\/index.php?rest_route=\/wp\/v2\/pages\/8124\/revisions\/28665"}],"wp:attachment":[{"href":"https:\/\/agencecleprivee.com\/index.php?rest_route=%2Fwp%2Fv2%2Fmedia&parent=8124"}],"curies":[{"name":"wp","href":"https:\/\/api.w.org\/{rel}","templated":true}]}}